178117399 a prime number?
False
Is 3747131 prime?
True
Is 1007803 a prime number?
False
Is 120602701 a prime number?
False
Is 259354079 a composite number?
False
Is 103331 prime?
False
Is 431099 a prime number?
True
Is 25284001 composite?
False
Is 8154343 a prime number?
False
Is 8950237 composite?
True
Is 521074585 a prime number?
False
Is 50436889 a composite number?
True
Is 34507 prime?
False
Is 5892317 a composite number?
True
Is 3299657 prime?
False
Is 1067789 composite?
False
Is 10877911 a prime number?
False
Is 5017315 a prime number?
False
Is 38127658 composite?
True
Is 1666163 a composite number?
True
Is 7750991 a composite number?
False
Is 29961713 a composite number?
True
Is 47152613 a composite number?
False
Is 719227 a prime number?
True
Is 48464807 prime?
False
Is 3980273 prime?
False
Is 141551 prime?
True
Is 1462253 prime?
False
Is 25178507 a prime number?
False
Is 45636349 composite?
True
Is 255286 composite?
True
Is 8011767 composite?
True
Is 969227 a composite number?
True
Is 52525259 composite?
False
Is 590563 a composite number?
True
Is 480647 a composite number?
False
Is 3215171 a composite number?
True
Is 5506507 composite?
False
Is 2761831 prime?
True
Is 132333517 composite?
False
Is 1017416793 prime?
False
Is 20383003 prime?
False
Is 1031501 a prime number?
False
Is 645808655 a composite number?
True
Is 853829 a composite number?
True
Is 56041549 prime?
True
Is 17010853 prime?
False
Is 19594219 a prime number?
True
Is 13172879 a prime number?
False
Is 27569137 a prime number?
False
Is 5514611 a composite number?
True
Is 41435917 a prime number?
True
Is 58512469 a prime number?
False
Is 25250249 composite?
True
Is 4630789 prime?
True
Is 8001961 a prime number?
False
Is 3087559 a composite number?
False
Is 29798359 a prime number?
True
Is 31607969 a composite number?
False
Is 699434563 composite?
True
Is 4839137 composite?
False
Is 21258733 a composite number?
False
Is 101416477 a composite number?
False
Is 4413823 composite?
False
Is 7736797 a composite number?
True
Is 28156229 composite?
True
Is 57676583 prime?
True
Is 3445157 a prime number?
True
Is 106284293 a composite number?
True
Is 180413 a composite number?
False
Is 251090689 a prime number?
True
Is 1190006 composite?
True
Is 389717 prime?
False
Is 29041849 a prime number?
True
Is 5068603 prime?
False
Is 48821515 prime?
False
Is 61221793 a prime number?
True
Is 103575337 prime?
False
Is 334683067 prime?
True
Is 39777691 a prime number?
True
Is 3197723 a composite number?
False
Is 29085733 prime?
False
Is 98899201 prime?
True
Is 26775667 a prime number?
True
Is 112081127 composite?
True
Is 39375397 a prime number?
False
Is 85938382 composite?
True
Is 3348263 composite?
False
Is 907703 a composite number?
False
Is 4280918 a prime number?
False
Is 6188099 composite?
True
Is 8337461 a prime number?
False
Is 2825939 a prime number?
True
Is 13783741 prime?
True
Is 332977 composite?
True
Is 49592129 composite?
True
Is 8682181 prime?
True
Is 494128931 composite?
False
Is 718985 composite?
True
Is 2959937 a prime number?
True
Is 172690241 a prime number?
True
Is 35338547 composite?
True
Is 403447789 a composite number?
True
Is 773461 a prime number?
False
Is 2452514 a composite number?
True
Is 30992959 composite?
False
Is 287909 a composite number?
True
Is 108066507 a prime number?
False
Is 85752659 composite?
True
Is 13951919 a composite number?
False
Is 292762997 a prime number?
True
Is 263215867 composite?
True
Is 2127751 a prime number?
True
Is 5160499 prime?
True
Is 1846057 composite?
False
Is 102763607 prime?
True
Is 30096641 a prime number?
False
Is 92183789 composite?
False
Is 5126267 composite?
False
Is 416059289 composite?
False
Is 2123195 composite?
True
Is 10268047 composite?
False
Is 3992623 a prime number?
True
Is 74851487 a prime number?
True
Is 229129 composite?
True
Is 2995459 a composite number?
False
Is 14918105 composite?
True
Is 2097349 prime?
True
Is 81833263 prime?
True
Is 25753373 a prime number?
False
Is 85206557 a prime number?
False
Is 2438287 a prime number?
False
Is 121343 composite?
False
Is 3080659 prime?
False
Is 31760513 prime?
True
Is 487834157 composite?
True
Is 985109 composite?
False
Is 535727 prime?
True
Is 44505139 composite?
True
Is 951739 composite?
True
Is 12692887 composite?
True
Is 3625733 composite?
False
Is 1351417 composite?
False
Is 53805761 composite?
True
Is 147341 prime?
True
Is 4724638 a composite number?
True
Is 1978837 a composite number?
True
Is 1127569 a prime number?
False
Is 166008457 a composite number?
True
Is 283632017 a composite number?
False
Is 3838561 a prime number?
True
Is 4640901 composite?
True
Is 1670414 composite?
True
Is 2416943 prime?
True
Is 1090174 prime?
False
Is 883423 composite?
False
Is 17957759 composite?
False
Is 2391223 a composite number?
True
Is 1374677 a prime number?
True
Is 2900561 composite?
True
Is 18945211 a composite number?
True
Is 9466517 prime?
True
Is 12116863 composite?
True
Is 43269173 a prime number?
True
Is 36850951 composite?
True
Is 3942849 composite?
True
Is 137447855 a prime number?
False
Is 258213689 composite?
False
Is 3681371 a composite number?
False
Is 261873629 a composite number?
True
Is 6486973 a composite number?
False
Is 99730421 a composite number?
True
Is 13561181 prime?
False
Is 8639779 a composite number?
False
Is 249143 a composite number?
False
Is 21232559 prime?
False
Is 2671835 prime?
False
Is 1477807 a prime number?
True
Is 473713 prime?
False
Is 212609591 composite?
True
Is 336976397 prime?
False
Is 2129893 prime?
False
Is 512117 a prime number?
False
Is 92423777 a prime number?
True
Is 212561509 composite?
False
Is 41965447 a composite number?
False
Is 1424439789 composite?
True
Is 10988639 prime?
True
Is 39507763 a composite number?
False
Is 714140799 composite?
True
Is 1890313 composite?
False
Is 127675339 a prime number?
False
Is 1365703 composite?
False
Is 10174429 a prime number?
True
Is 7951201 prime?
True
Is 1412597 a prime number?
True
Is 265627007 composite?
False
Is 43291271 a prime number?
True
Is 4435007 a composite number?
True
Is 428837 composite?
True
Is 448067159 composite?
False
Is 1036447 a prime number?
False
Is 109514539 composite?
False
Is 76193 a composite number?
True
Is 19494187 composite?
True
Is 987383 a prime number?
True
Is 191437735 prime?
False
Is 30249493 prime?
False
Is 5074123 a composite number?
False
Is 248046511 prime?
True
Is 170604457 a composite number?
False
Is 5080451 a prime number?
True
Is 166294685 a prime number?
False
Is 1351747 a prime number?
True
Is 7396293 a composite number?
True
Is 2950523 prime?
False
Is 13039199 a prime number?
False
Is 1337681 a composite number?
True
Is 271393 composite?
False
Is 104013023 prime?
False
Is 3214613 a prime number?
True
Is 24530647 a composite number?
True
Is 74949789 a prime number?
False
Is 5159611 a prime number?
True
Is 8506543 prime?
True
Is 2648081 a prime number?
True
Is 19308511 a composite number?
False
Is 80597593 prime?
True
Is 8856227 composite?
False
Is 515351 a prime number?
True
Is 201446477 a prime number?
True
Is 3347831 prime?
True
Is 81051869 composite?
True
Is 10451059 prime?
False
Is 5321299 composite?
False
Is 41082521 a prime number?
True
Is 42470081 a composite number?
False
Is 6525913 a prime number?
False
Is 519349 composite?
False
Is 7276271 a prime number?
True
Is 131309023 a prime number?
False
Is 1383649 a composite number?
True
Is 312747503 prime?
True
Is 8075473 composite?
True
Is 1012366093 prime?
False
Is 1227271 prime?
True
Is 4200509 a prime number?
False
Is 5403781 composite?
True
Is 1837031 a prime number?
False
Is 4570483 prime?
False
Is 53051573 a prime number?
False
Is 4931159 a composite number?
False
Is 95153713 prime?
True
Is 2279729 composite?
True
Is 172856087 composite?
True
Is 337473309 prime?
False
Is 5708779 composite?
False
Is 166375831 prime?
True
Is 6950591 a prime number?
True
Is 81530951 a composite number?
False
Is 31379 composite?
False
Is 3105007 a prime number?
True
Is 4657791 prime?
False
Is 25846811 composite?
False
Is 10665943 a composite number?
False
Is 72748727 prime?
True
Is 71154337 prime?
True
Is 4625057 prime?
False
Is 52367261 a composite number?
False
Is 7131757 a prime number?
False
Is 189